of l/(-44) - 1975/(-55)?
3
Let l = -3488 + 3819. Suppose -5*s + 180 - 1230 = 0. Let n = s + l. What is the hundreds digit of n?
1
Suppose 2*c = x + 19114, -2*c - 2*x + 8034 + 11074 = 0. What is the tens digit of c?
5
Let a(c) = -c**2 - 12*c - 13. Let m be a(-11). Let x = m + 2. Suppose 4*h - 532 = -x*h. What is the units digit of h?
3
Suppose -42*z - 3780 = -15*z. What is the hundreds digit of 1391 - (92/14 + 80/z)?
3
Suppose 95 = 5*a + 175. Let o(k) = 3*k + 51. Let q be o(a). Suppose 3*h = w - 90, 5*h - 149 = -q*w + 135. What is the units digit of w?
3
Suppose 2*t - 4*t + 5*w + 5 = 0, 0 = 5*t - 3*w - 22. Suppose -c - 560 = -t*u, c + 5 = 10. What is the hundreds digit of u?
1
Suppose -7*d + 69408 + 50192 = 18*d. What is the tens digit of d?
8
Let n(l) = -l**2 - 14*l - 21. Let x be 4*4/(-8)*6. Let u be n(x). Suppose u*d + d - 68 = 0. What is the units digit of d?
7
Suppose -25*p - 23*p = -2688. What is the tens digit of 12/7 - 2 - (-29528)/p?
2
What is the thousands digit of (15979552/(-144) - 2/9)/(336/(-252))?
3
Let l = 212 - -396. Suppose -l*c + 603*c = -1240. What is the hundreds digit of c?
2
Let s be (4530/90)/(1*(-2)/(-6)). Suppose 6*v + s = -35. Let z = v - -65. What is the tens digit of z?
3
Suppose -n = 4*y - 3*y - 21230, 4*n = -3*y + 84922. What is the hundreds digit of n?
2
Let i = -270 - -834. Let g(s) = 574*s**2 - s**3 + 7 - i*s**2 + s - 4*s. What is the units digit of g(9)?
1
Let m(j) = 10*j**2 - j - 2. Let i be -2 + (10 - 1) - (-27)/(-9). Let n be m(i). Suppose -4*g + 204 = 5*w - 50, -4*g = 3*w - n. What is the units digit of w?
0
Let m(l) be the second derivative of -2*l**5/5 - l**4/2 - l**3/6 + 3*l**2/2 + 159*l. What is the units digit of m(-4)?
3
Suppose -5*p - 12 = -2*p. Let s be 11 + -7 - (2 + p)/(-2). Suppose s*u - 7*y = -3*y - 10, 3*u + 2*y = 14. What is the units digit of u?
2
Let b = 1635 - -7331. What is the thousands digit of b?
8
Let x = 96231 + -16975. What is the ten thousands digit of x?
7
Let p(r) = r - 20. Let x be p(22). Suppose -4*c = 5*l - 913, -2*c - l = x*c - 909. Let z = c - 81. What is the tens digit of z?
4
Suppose -19*d = -17*d + k - 11856, 5*d - 29655 = 5*k. What is the hundreds digit of d?
9
Let o(y) = 4*y**3 - 7*y**3 + 9 + 4*y**3 + 6*y - 7*y**2 + 0*y**2. Let r be o(6). Let h(z) = z**2 + 13*z - 45. What is the units digit of h(r)?
3
Suppose 0 = 5*t + 146*v - 141*v - 197610, 0 = -2*t - v + 79037. What is the thousands digit of t?
9
Let u = 11 - 29. Let t be u/(-30)*(184 + 1). Let r = 52 + t. What is the hundreds digit of r?
1
Suppose 23*q + 251690 - 840398 = 0. What is the units digit of q?
6
Let i = -3056 - -7153. What is the hundreds digit of i?
0
Let n be 4*((-6)/(-3) - 7/7). Suppose 2*q = -n*r - 3*q + 1908, r + 2*q - 480 = 0. What is the units digit of r?
2
Suppose d - 4*i - 9 = 0, -2*d + 9 + 13 = -4*i. Let f(r) = 2*r**2 + d + r**2 - 7*r - 19. What is the tens digit of f(-6)?
4
Let x be (-3)/21 - (-927)/21. Let f = x - 39. Suppose 10*h + 195 = f*n + 5*h, 0 = 4*h + 12. What is the units digit of n?
6
What is the units digit of (112/14 - 6/(60/(-247985)))*2?
3
Let q = -6115 + 11802. What is the units digit of q?
7
Let q = 53 - -65. Suppose -3*f + 1 = 46. What is the tens digit of q/3 + (-10)/f?
4
Let z = -23862 - -47421. What is the units digit of z?
9
Let y be (-1715)/15*(10 - 7). Let o = 666 + y. What is the units digit of o?
3
Let p(x) = -14778*x**3 - 66*x - 66. What is the thousands digit of p(-1)?
4
Let k be (-920)/50 + (-1)/((-15)/6). Let y = 10 - k. What is the units digit of y?
8
Let c(d) = d + 9. Let s be c(-5). Suppose -s*z + 7*z - 15 = 0. Suppose z*g = g + 180. What is the units digit of g?
5
Let n(p) = 126*p**2 + 133*p + 2. What is the units digit of n(-3)?
7
Suppose 46*s + 195040 = 69*s. What is the thousands digit of s?
8
Let j(g) = g**3 + 2*g**2 + 1. Let i(x) = 52*x**3 + 5*x**2 - x + 5. Let w(a) = i(a) - 3*j(a). What is the units digit of w(1)?
9
Let t = 1798 + 4756. What is the units digit of t?
4
Let c(w) = w**2 - 5. Let l be 9*((-4)/((-12)/(-1)) + 0). Let p be c(l). Let k(v) = 5*v + 9. What is the units digit of k(p)?
9
Let r be 6/(-10) - 8*5/100. What is the tens digit of r/3 + 5093/33?
5
What is the hundreds digit of ((20841/(-6))/(-9 - -7))/(24/576)?
6
What is the units digit of ((-57)/(-4))/(-17 + (-262510)/(-15440))?
4
Suppose 50*n - 65*n = -24315. Suppose 0 = -3*l - 9, -n = -3*t + 2*t - 5*l. What is the thousands digit of t?
1
Let w(n) = 2*n**2 + 12*n - 6. Suppose 2*a = -4*z - 10, -5*a + 2*z - 4*z + 7 = 0. What is the units digit of w(a)?
8
Let u(k) = 6*k - 129. Let q(n) = 4*n - 64. Suppose -5*x - 55 = -5*h, 5*x + 0*h + 23 = -3*h. Let j(v) = x*q(v) + 3*u(v). What is the hundreds digit of j(-10)?
1
Let g(a) = -25*a + 5. Let k be (-2 + -9)/((-1 - 2)/(-3)). Let n be g(k). Suppose -3*w + 4 = 2*b - n, 3*b = 3*w - 264. What is the tens digit of w?
9
Let z = -352 + 284. Let w = z + 473. What is the units digit of w?
5
Let w(f) be the third derivative of -13*f**4/24 - f**3 - 6*f**2. Let o be w(-6). Let g = o - 52. What is the units digit of g?
0
Let i(w) = -6*w + 30. Let u be i(5). Suppose u = 4*k + 2*t - 1148, -4*k + 3*t - 1 = -1169. What is the tens digit of k?
8
Let m(s) = 24*s - 62. Let j be m(3). What is the tens digit of (-924 - j/(0 - 5))/(-2)?
6
Let u be 4 + -4 - (1 + -46). Suppose -55*c = -u*c - 6360. What is the hundreds digit of c?
6
Let w = -330 - -344. Suppose 1062 = w*k + 306. What is the tens digit of k?
5
Let i = -4229 + 5913. What is the hundreds digit of i?
6
Suppose 8*c = 13*c - 515. Let r = c - -9. What is the units digit of r?
2
Suppose 1045*j = 1010*j + 1632365. What is the thousands digit of j?
6
Let n(d) = 0*d - d - 4*d - 25*d**2. Let y be n(-2). Let f = 280 + y. What is the hundreds digit of f?
1
Let y = 141098 - 76705. What is the hundreds digit of y?
3
Let q be 3*(-4)/(-15)*70/(-28). What is the tens digit of 619 - (-6 + 7) - (-4)/q?
1
Let h = 33713 - 17838. What is the tens digit of h?
7
Let d be 24568/26 - (-5)/65. Suppose -54*f = -52*f + 4, 0 = p - 5*f - d. What is the tens digit of p?
3
What is the ten thousands digit of 1*(-15 + 2) - -80302?
8
Let q = 1007 - 343. Let d = -241 + q. What is the hundreds digit of d?
4
Let m be (16/10)/((16/(-20))/(-4)). Suppose m*d - 12*d + 3904 = 0. Suppose 29*v = 21*v + d. What is the units digit of v?
2
Let o be 119/(-63) - 4/36. What is the hundreds digit of 5/60*6 + (-1317)/o?
6
Let d(p) = -p**2 + 2*p + 4. Let u be 1 - 6*(-6)/9. Let f be d(u). Let g = 56 + f. What is the tens digit of g?
4
Suppose 154710 = 5*l + 5*o, 0 = 5*l - o - 0*o - 154758. What is the hundreds digit of l?
9
Let q(v) = -16*v - 3 + 4 + 4*v. Let b be q(-1). What is the tens digit of b + (-4 - -2)/2?
1
Let v = 438 - 437. What is the hundreds digit of 326 + 4 - v - (2 + -1)?
3
Let n = 6649 - -10083. What is the units digit of n?
2
Let j(k) be the third derivative of k**4/6 + 58*k**3/3 + 124*k**2. What is the tens digit of j(-16)?
5
Let i(p) = 3*p**2 + p. Let h(q) = 6*q**2 - 2*q + 25. Let s(g) = -h(g) + 3*i(g). What is the tens digit of s(8)?
0
Suppose -6*o + o = 0, 0 = -3*i - o + 39. Let z(g) = -g**3 + 11*g**2 - 14*g - 3. Let c be z(i). Let b = c + 746. What is the tens digit of b?
2
Let h = -117 - -119. Let s(t) = 9*t**2 + 2*t + 0*t + 22*t**2 - 3 + 5*t**2. What is the hundreds digit of s(h)?
1
Let t(p) = -p**2 - 22*p - 101. Let x(n) = -n**3 - 3*n**2 + 7*n - 2. Let g be x(-4). What is the units digit of t(g)?
1
Let b be -60 + ((-9)/(-6) - 1)*-2. Let x = -55 - b. Suppose -4*t - 12 = 0, 0 = x*o - o + t - 662. What is the units digit of o?
3
Let c(d) = 2204*d - 2806. What is the hundreds digit of c(32)?
7
Suppose -6*l + 7*l = -2, 0 = 5*j - l - 8092. What is the hundreds digit of j?
6
Let z(o) = 123*o + 9. Suppose -p - 14 = -5*p + 2*r, 5*p - 5*r - 15 = 0. Let b be z(p). Suppose -4*y - 145 = -b. What is the units digit of y?
9
Suppose 9*i + 209 = 623. Suppose 0 = 3*g - 17 - 286. Let w = g - i. What is the tens digit of w?
5
Let u be (0 - 42/(-9))*(-3)/(-2). Let m(k) = -2*k + 6. Let j be m(-3). Suppose -u*l + j*l = 665. What is the hundreds digit of l?
1
Suppose 14*j + 12093 = d + 12*j, 0 = j + 1. What is the ten thousands digit of d?
1
Let t(a) = -1 - 1 + 0 + 3 + a. Let v(b) = -14*b - 9. Let s(p) = 6*t(p) + 3*v(p). What is the tens digit of s(-3)?
8
W